7
In base 16, what is -5 - 944?
-949
In base 11, what is 1a1 + -35?
167
In base 15, what is b7 + -5?
b2
In base 12, what is -25 - 0?
-25
In base 7, what is -46 + -3156?
-3235
In base 2, what is 11 - 1001011000110?
-1001011000011
In base 10, what is 4 + 20?
24
In base 11, what is -8 - -75?
68
In base 16, what is 47 + 0?
47
In base 12, what is -3 - 160?
-163
In base 2, what is -1001100111010 - -11?
-1001100110111
In base 8, what is 11014 + 1?
11015
In base 13, what is -1a5 + 0?
-1a5
In base 3, what is -1122 - -10?
-1112
In base 8, what is 473 - -2?
475
In base 11, what is -13351 - 5?
-13356
In base 15, what is 25 + -15?
10
In base 2, what is -1110011001 - 0?
-1110011001
In base 5, what is 21301 + -13?
21233
In base 15, what is -5 + 12c?
127
In base 14, what is -2a4 - -3?
-2a1
In base 10, what is -105 + -40?
-145
In base 5, what is -1013 - -42?
-421
In base 3, what is -2010 + 1011?
-222
In base 10, what is 2148 + -3?
2145
In base 12, what is 8 - 175?
-169
In base 8, what is 434 - -1?
435
In base 10, what is -6 + 819?
813
In base 5, what is 1102 + -10?
1042
In base 16, what is -1f + -9?
-28
In base 15, what is 4 - -24?
28
In base 2, what is -101 + 1010000101?
1010000000
In base 12, what is 1 + -245?
-244
In base 15, what is 2 - -82d?
830
In base 5, what is 3 + -141423?
-141420
In base 12, what is -2bb - -7?
-2b4
In base 16, what is -74 + -15?
-89
In base 6, what is 103131 - -2?
103133
In base 15, what is -1e32 - 3?
-1e35
In base 12, what is -2 + -2664?
-2666
In base 5, what is 103441 - -1?
103442
In base 11, what is 163 + 2?
165
In base 8, what is 1 + -43?
-42
In base 14, what is -1003 - 2?
-1005
In base 11, what is 33 + 0?
33
In base 4, what is -12022 - 1?
-12023
In base 8, what is 606 - 151?
435
In base 13, what is 2a0b + -1?
2a0a
In base 11, what is 8 + 66?
73
In base 12, what is 0 + 6b1?
6b1
In base 14, what is 1 + -97?
-96
In base 13, what is 424 + -5?
41c
In base 11, what is -1 + 133?
132
In base 3, what is 0 + 20000?
20000
In base 15, what is -4 + -3d?
-42
In base 7, what is -2551 + 0?
-2551
In base 10, what is -16384 - 2?
-16386
In base 11, what is -9 - 29?
-37
In base 3, what is -111121 - 12?
-111210
In base 10, what is -4846 - 3?
-4849
In base 12, what is 50 + 80?
110
In base 14, what is 351 + 1?
352
In base 4, what is -20 - -101?
21
In base 9, what is -7 + -121?
-128
In base 9, what is -4310 + 3?
-4306
In base 12, what is -2 + 372?
370
In base 15, what is -233 - -5?
-22d
In base 2, what is 100 - -10010?
10110
In base 15, what is -2 + -12?
-14
In base 5, what is 20 + -443?
-423
In base 8, what is 100 - 3?
75
In base 4, what is 132211 + -3?
132202
In base 2, what is 10000110 - -1110?
10010100
In base 3, what is -11 - -201121?
201110
In base 6, what is -303 + -3?
-310
In base 11, what is -1 - 63?
-64
In base 14, what is 49 - 29?
20
In base 15, what is 648 - -4?
64c
In base 5, what is -3 + 210243?
210240
In base 2, what is 11 - 10001001?
-10000110
In base 3, what is 221011 - -112?
221200
In base 10, what is 61 - -9?
70
In base 16, what is -13 - 1e?
-31
In base 12, what is 40 + -13?
29
In base 2, what is 111 + 110?
1101
In base 11, what is 4 - -26?
2a
In base 15, what is -5 - -1e?
19
In base 10, what is 592 - -3?
595
In base 8, what is -42 - 1?
-43
In base 5, what is 1210 + 1?
1211
In base 3, what is 101 + 121?
222
In base 8, what is 53 - 1?
52
In base 16, what is -b - -63?
58
In base 8, what is 3 + -21?
-16
In base 16, what is 59a - 1?
599
In base 13, what is 0 - -4b?
4b
In base 9, what is 3206 - -4?
3211
In base 16, what is 1f - -10?
2f
In base 11, what is 1a7 - 35?
172
In base 14, what is 1a8 - -5?
1ad
In base 15, what is -4 - 24?
-28
In base 2, what is 11010010010 - 101?
11010001101
In base 4, what is 210 + -23312?
-23102
In base 15, what is -7 - -14?
c
In base 13, what is 8 + -5?
3
In base 12, what is -2 + 37b?
379
In base 16, what is a + 3c1?
3cb
In base 10, what is -236 - 13?
-249
In base 3, what is -221011 - 0?
-221011
In base 8, what is -2 - -443?
441
In base 7, what is 22 - 15?
4
In base 14, what is 2 + 4?
6
In base 7, what is 111 + 4?
115
In base 16, what is -c + -2c?
-38
In base 16, what is -1 + -169?
-16a
In base 10, what is -3 + 129?
126
In base 6, what is 10 - 415?
-405
In base 6, what is -4 - 124?
-132
In base 5, what is 130 - -10?
140
In base 11, what is -14 - 1a?
-33
In base 6, what is -3 + 2142?
2135
In base 16, what is -4e + 64?
16
In base 4, what is -1 + 32130?
32123
In base 5, what is -12121 + -2?
-12123
In base 2, what is -10001111 - -1111?
-10000000
In base 13, what is -52 - -1?
-51
In base 12, what is -64 + -10?
-74
In base 7, what is 3046 + 1?
3050
In base 3, what is 10220 + 1?
10221
In base 6, what is -1102 + -4?
-1110
In base 8, what is -5 - 246?
-253
In base 5, what is -4410 + -2?
-4412
In base 16, what is -12 - -290?
27e
In base 6, what is -2 + 553?
551
In base 15, what is -20 - 15?
-35
In base 12, what is -2 + 109?
107
In base 4, what is -21 - 32320?
-33001
In base 13, what is -aa - 1?
-ab
In base 5, what is 0 + 101?
101
In base 10, what is 1494 + -2?
1492
In base 13, what is -4 - 14c?
-153
In base 6, what is -14 - 5?
-23
In base 8, what is 26 + -40?
-12
In base 14, what is 2 + -1ac1?
-1abd
In base 2, what is -10 - -1001101011?
1001101001
In base 15, what is 24 + -b?
18
In base 6, what is 3 - -322?
325
In base 13, what is 9 - 5?
4
In base 16, what is 139 + -13?
126
In base 3, what is -12 - -1021?
1002
In base 7, what is -462 - 3?
-465
In base 3, what is -1001 - -22?
-202
In base 7, what is -52 + 303?
221
In base 6, what is 50 + -2?
44
In base 9, what is 8 + -6?
2
In base 11, what is 580 + -3?
578
In base 6, what is -4 - 1032?
-1040
In base 8, what is -1 + -51?
-52
In base 13, what is -1b - 247?
-265
In base 13, what is -3 - -394?
391
In base 11, what is 1140 + -1?
113a
In base 6, what is 3303 + -5?
3254
In base 11, what is a4 + -2?
a2
In base 5, what is -1 + 21?
20
In base 5, what is -30 + 44?
14
In base 13, what is 0 - 30?
-30
In base 7, what is 53436 + -4?
53432
In base 3, what is 2001 + 2?
2010
In base 5, what is -212 + -41?
-303
In base 15, what is -34a + 0?
-34a
In base 8, what is -240 - -4?
-234
In base 8, what is 3 - -4513?
4516
In base 8, what is 301 - 61?
220
In base 11, what is 18 - -258?
275
In base 8, what is 5 - 22?
-15
In base 3, what is 20 - -11101?
11121
In base 10, what is -4773 - 3?
-4776
In base 16, what is -f4 + 11?
-e3
In base 2, what is -11 + -1110011001000?
-1110011001011
In base 8, what is -2674 - 17?
-2713
In base 11, what is 4 + 139?
142
In base 13, what is -221 + 4?
-21a
In base 16, what is -14 + 18?
4
In base 14, what is 2 + 1?
3
In base 12, what is -3 + -6?
-9
In base 2, what is 1000011 + 10110011?
11110110
In base 6, what is 11331 - 3?
11324
In base 13, what is -1 - -3c?
3b
In base 6, what is -3 + -250?
-253
In base 2, what is 1 + 1100?
1101
In base 4, what is -110222 - -10?
-110212
In base 8, what is -5 - -106?
101
In base 5, what is -1014211 + 3?
-1014203
In base 11, what is 304 - 0?
304
In base 5, what is -143 + -1131?
-1324
In base 5, what is -233 - 104?
-342
In base 12, what is 704 - -6?
70a
In base 3, what is -111010002 - 10?
-111010012
In base 13, what is -8 + 27?
1c
In base 8, what is -21740 + -3?
-21743
In base 13, what is 1 - -3c?
40
In base 8, what is 0 - -166?
166
In base 6, what is -4303 + -4?
-4311
In base 6, what is 2101 - 1?
2100
In base 2, what is 100001000 - 11000?
11110000
In base 13, what is -20 + 292?
272
In base 8, what is 4 + -123?
-117
In base 9, what is 44 - -40?
84
In base 8, what is 2610 + 0?
2610
In base 2, what is 11 + 11000001?
11000100
In base 4, what is 11 - 233?
-222
In base 14, what is -18 + -1?
-19
In base 15, what is d8 - 3?
d5
In base 9, what is 5 + 83?
88
In base 10, what is 361 - 0?
361
In base 13, what is -2 + 23?
21
In base 3, what is -222 + -121110?
-122102
In base 13, what is -3 - -4?
1
In base 16, what is 5 - 26?
-21
In base 9, what is -616 + 3?
-613
In base 3, what is 2 - 2010?
-2001
In base 9, what is -3 - -167?
164
In base 6, what is -10 - -32?
22
In base 9, what is 1 + -643?
-642
In base 3, what is 212010 - 11?
211222
In base 13, what is -257 - 5?
-25c
In base 10, what is 1 + 19?
20
In base 15, what is -4 + -1dd2?
-1dd6
In base 5, what is -10 - 311?
-321
In base 4, what is -12 - -10?
-2
In base 4, what is -1 - -131133?
131132
In 